t is the units digit of d?
2
Let y be 4/6*(-54)/(-9). Suppose 0 = 5*w + 3*m - 25, y*w + 2*m - 19 = -1. Suppose -3*v + w*v + 124 = 3*g, 2*g = 5*v + 94. What is the tens digit of g?
4
Suppose 5*g + 5 = 60. Let c = -12 + g. Let l = 13 - c. What is the tens digit of l?
1
Suppose 0 = 2*o + 4*h - 8 - 4, 5*h - 15 = 0. Let c(n) be the third derivative of -n**6/120 - n**4/24 + 11*n**3/3 - n**2. What is the tens digit of c(o)?
2
Let h(u) = u**2 + 2*u - 2. Suppose q - 6 = -q. Let y be h(q). What is the units digit of ((-4)/5)/(y/(-65))?
4
Let a(m) = 188*m - 131. What is the hundreds digit of a(6)?
9
Suppose 0 = z - 2*b - 2157, 3*b - 10755 = -5*z + 7*b. What is the thousands digit of z?
2
Let o = 409 + -354. What is the tens digit of o?
5
Suppose 8 = 3*x - 10. Let a be x/(-9)*(3 - 0). What is the tens digit of a/((-3)/(156/8))?
1
Suppose 15*g + 48*g - 32319 = 0. What is the tens digit of g?
1
Suppose 7*n = 11 + 10. Suppose -58 = -2*g + n*m, 5*g - 121 = -m - 10. What is the tens digit of g?
2
Let u(b) = 3*b + 18. Let i be u(8). Let z = -19 + i. What is the tens digit of z?
2
Let h(i) = 139*i**2 + 8*i + 15. What is the hundreds digit of h(-2)?
5
What is the tens digit of 59 + -59 + 767 + 1?
6
Suppose 2*o - 16 = -2*o, -y = 5*o - 71. What is the units digit of y?
1
Let b(c) = 4*c**3 - 20*c**2 - 26*c + 11. Let v(r) = r**3 - r**2 + 1. Let f(s) = -b(s) + 5*v(s). What is the tens digit of f(-12)?
1
Let r(b) = -b**3 + 7*b**2 + 11*b - 2. Suppose -10*q - 32 = -14*q. What is the units digit of r(q)?
2
Suppose -7*k = 7 - 7. Suppose 2*b - 26 = -5*c, k = -4*b + 2*c - c + 74. What is the tens digit of b?
1
Suppose -50*f + 3*y + 7603 = -48*f, -3804 = -f + 4*y. What is the hundreds digit of f?
8
Suppose -3*v + 5*l - 2 = 1, -2*v + 2*l + 2 = 0. Suppose -5*o + 176 = v*i, 1 = 3*i - 11. What is the units digit of o?
2
Let u be (-559)/(-117) + (-2)/(-9). Suppose 0 = -u*x + 434 + 541. What is the units digit of x?
5
Let d = -583 + 1108. What is the units digit of d?
5
Let j(s) = -21*s**3 - s + 1. Let q be j(1). Let k = q - -48. What is the tens digit of k?
2
Let h(q) = -4*q**2 - 2*q + 4*q**2 + 1 + q + q**2. Let k be h(2). Suppose -5*t + 96 = -w, k*t + 9 - 62 = -4*w. What is the tens digit of t?
1
Let x = 112 + -107. What is the tens digit of x/(100/(-8)) - 1131/(-15)?
7
Let k(d) = -d**2 + 13. Suppose -2*o + 35 = 5. Let i be k(o). What is the tens digit of -2*i/8 + -4?
4
Suppose -6*b - 2600 = -11*b. Suppose 3*k + 534 = 4*j, b = 4*j - 0*k + 4*k. What is the tens digit of j?
3
Suppose 0 = -d - 3, -3*h - d + 12 = 0. Suppose 3*k = -4*w - 213, -h*k - 4*w = 51 + 304. Let o = -47 - k. What is the tens digit of o?
2
Let r(p) = 4*p**2 - 21*p - 3. Let h(i) = i**2 - i. Let t(a) = 6*h(a) - r(a). What is the units digit of t(-8)?
1
Suppose 3*r - 1695 = 2*r. What is the thousands digit of r?
1
Suppose 0 = 35*k - 26*k - 19476. What is the units digit of k?
4
Let i(f) = -43*f - 54. What is the units digit of i(-9)?
3
Let d(w) = -w**3 - 6*w**2 - 5*w + 5. Let x be d(-5). Suppose -x*a - 4*l + 358 = 0, a + 2*a = 3*l + 231. What is the tens digit of a?
7
Let m(f) = -f**2 + 6*f + 16. Let k be m(8). Suppose 0 = -d + 5*d - 5*i - 252, k = 3*d + 3*i - 216. What is the units digit of d?
8
Let c be (0 - 12/(-8))/((-9)/12). What is the tens digit of c/10 + 10092/60?
6
Suppose -40*x + 125070 = -118730. What is the thousands digit of x?
6
Suppose 0 = 3*f + 4*m - 23, 0 = -2*f - 0*f + 3*m - 13. Suppose -c - 2*v = -11 + f, 0 = 4*c - 5*v + 12. Suppose 0 = -5*s + c*s + 3. What is the units digit of s?
1
Let u be 2 + (-2 - -1) - (-121 + 3). Let q = u + 27. What is the hundreds digit of q?
1
Suppose -388 - 728 = -3*g. Suppose g = 4*p + 136. What is the tens digit of p?
5
What is the units digit of (-104 + -2)*((-450)/(-12))/(-25)?
9
Suppose 3*i + 6*s - 11*s - 5672 = 0, 5*i - 5*s - 9450 = 0. What is the thousands digit of i?
1
Suppose 2*t = -t + h + 1, 3*t = -4*h + 11. Let g(l) = -124*l + 5. Let r(u) = 25*u - 1. Let p(z) = 4*g(z) + 22*r(z). What is the units digit of p(t)?
2
Suppose -3*y + 120 = -0*y. Suppose 172 + y = 4*u. What is the tens digit of u?
5
Suppose 44 = z + 44. What is the units digit of 0 + z + -4 + 11?
7
Suppose 8*y - 6*y + 514 = n, -1550 = -3*n - 2*y. What is the tens digit of n?
1
Let j = -251 + 131. Let k = j + 176. What is the tens digit of k?
5
Let d(x) = -x**2 + 14*x + 37. Let c be d(16). Suppose -2*b - 2*b - 283 = -c*l, 5*b - 265 = -5*l. Let m = -16 + l. What is the tens digit of m?
3
Let o = 122 + -63. Let i = -1 + o. What is the tens digit of i?
5
Let a(v) = 13*v**2 - 16*v + 14. What is the units digit of a(7)?
9
Suppose 4*z + 5*z = 1764. What is the units digit of (z/(-10))/((-14)/35)?
9
Suppose -42 = -2*l - 172. Let y = 182 + l. What is the tens digit of y?
1
Let h be 1/(-1) - (-2 - 2). Suppose 0 = -3*n + h*u - 27, n - 4*u = -0*u. Let g = n + 31. What is the units digit of g?
9
Suppose 2*z = 3*d - 8, d - 10 = -3*z + 11. Let x(w) = w**3 - w**2 - 4*w - 3. What is the tens digit of x(d)?
5
Let x = -135 + 370. What is the units digit of x?
5
Suppose 0*a + 2*a - 402 = 0. Suppose a - 531 = -5*h. What is the tens digit of h?
6
Let w = -5157 + 10098. Let d be w/21 - (-4)/(-14). Suppose 0 = -3*a + 8*a - d. What is the units digit of a?
7
Let x(d) = d**2 + 11*d + 2. Let s be x(-9). Let n = s + 18. Suppose n*j = 23 + 23. What is the units digit of j?
3
Let d(y) = 101*y**2 - 3*y - 25. What is the hundreds digit of d(4)?
5
What is the tens digit of 9 + 430/(-50) + 288/5?
5
Let s be (-8)/10 + 19/5. Suppose s*b = -b + 8. Suppose b*y = -y + 27. What is the units digit of y?
9
Suppose -u + 4*s + 517 = 0, 3*s = 4*u + 2*s - 2053. Suppose 3*r - u = -4*g + g, -2*r + 4*g = -360. What is the tens digit of r?
7
Let s = 3 + -13. What is the units digit of s/5 - 10/(-2) - -28?
1
What is the tens digit of 192 - ((-4)/(-6))/(8/60)?
8
Let d(l) = l**2 + 10*l - 8. Let y be d(-11). Suppose y*o + 9 = 36. What is the units digit of o?
9
Let r = -7 - -9. Suppose r*k + 277 = 6*k + 3*w, 5*k + w = 349. What is the tens digit of k?
7
Let d = -120 + 253. Suppose -z + 14 = -2*l + d, 0 = -3*l - 4*z + 206. Suppose 5*w = 3*c - l, -2*c + 4*w = -0*c - 40. What is the tens digit of c?
2
Let j = 2829 - 2665. What is the tens digit of j?
6
What is the units digit of (5 - (-1100)/6) + 2/3?
9
Suppose -4*b = 0, -4*s - b + 9090 = -238. What is the hundreds digit of s?
3
Suppose 3*o = 0, -2*l + 5*l + o - 12 = 0. Suppose 12*i = l*i + 728. What is the tens digit of i?
9
Suppose 4*z + 12 = 2*t, 0*t - z = t. Suppose t*y - 5*y + 126 = 0. What is the tens digit of y?
4
Suppose 0 = -379*h + 374*h + 360. What is the tens digit of h?
7
Suppose 0 = 4*o + 5*t - 1802, 17*o + 3*t = 22*o - 2271. What is the units digit of o?
3
Let a = -16 - -18. Let t be (-1)/a*(-10)/1. Suppose -i - 4 = -t*v, -2*i - 5*v + 48 = -v. What is the units digit of i?
6
Suppose 20*w + 33 = 6153. What is the tens digit of w?
0
Suppose 5*l - 13 = 12. Suppose 3*n + 736 = 3*h - n, -2*h = l*n - 483. What is the hundreds digit of h?
2
Let w(k) = k + 14*k**2 - k**3 - 9 - 43*k + 24 + 9*k. What is the units digit of w(11)?
5
Let d = 486 - -264. Suppose -7*r + 349 = -d. What is the hundreds digit of r?
1
Let d(k) = -14*k + 3. Let g(s) = 5*s - 1. Let c(r) = -6*d(r) - 17*g(r). Let a(h) = 13*h - 3. Let q(l) = a(l) + 2*c(l). What is the tens digit of q(3)?
2
Let n be ((-1)/(-2))/((-4)/(-40)). Let j = 36 + -13. What is the units digit of j - (-4)/(-10)*n?
1
Suppose t + 2*t - 288 = 0. Suppose -5*d = 31 - t. What is the units digit of d?
3
Suppose -2*b = -i + 3*b - 13, -b = -3. Suppose -5*n = -3*n - i*v, -5*n - 5*v = -50. Let g = 24 - n. What is the tens digit of g?
1
Suppose 2*s - 5*s = 4*m - 68, 4*s - 89 = -5*m. What is the tens digit of s?
1
Let x(k) = 33*k + 296. What is the hundreds digit of x(16)?
8
Let r be 3 - (2/1 + 1). Suppose 5*x + u + 0 - 1 = r, -x + 3*u = 3. What is the tens digit of x/3 - -16 - 0?
1
What is the tens digit of (-6)/(126/(-3873)) + (-4)/(-7)?
8
Let g(s) = -1 + 5*s + 0*s - 4*s - 1. Let p be g(3). What is the units digit of 67 - (0 - p)*-4?
3
Let n = 3440 + -1193. What is the hundreds digit of n?
2
Let w = -424 + 819. Suppose 0 = -u + 3*a + 80, 4*u + 0*a + 3*a - w = 0. What is the tens digit of u?
9
Let t = -3 + 38. Suppose 0 = 3*w + 2*w - t. Suppose 2*q - 9 - w = 0. Wh